hat is the value of -1 + -4 - -53 - ((9 - (8 - 15)) + -7)?
39
What is the value of (-5 - (20 + 7)) + 60?
28
What is 417 + -411 - (1 + -32 + -4)?
41
What is the value of -6 + (0 + -8 - (8 - -2 - (308 + -333)))?
-49
Calculate 64 - 38 - (3 + 20).
3
What is the value of (-4 - -2 - -20) + -1951 + 1948 - 6?
9
What is the value of (2 + 1 - 5) + -37 + 29 + -5 + 37?
22
Evaluate (7 - (-1 - -27) - -10) + (13 - (21 - 3)).
-14
What is the value of (21 - 25 - (-23 + 3) - 1) + (31 - 23)?
23
What is the value of -60 - (-87 - (-1 - -14))?
40
(13 + -6 - -1 - (25 - -5)) + 0
-22
Evaluate -235 + 2 + (-13773 - -13904).
-102
Calculate (2 + -6 - -3) + (-2 - 7 - (29 - 60)).
21
Calculate 3 - 28 - (23 + -49 + -6).
7
Evaluate 82 + (-8 - -6) - (-40 + -24 - -71).
73
What is the value of (5 - 24) + -3 + 3 + -18?
-37
Calculate 1 + -12 - (-13 - (-35 + (28 - -38))).
33
What is the value of (-2 - 109 - -1) + 62 + -82 + 28?
-102
88 - (14 + 59 + -34)
49
What is 28 + 1 - (-39 + (-18 - -56))?
30
Calculate 36 - 25 - (0 + (6 - 4)) - -9.
18
Calculate -11 - (46 - (-37 - -46)).
-48
Evaluate (89 - 42) + -10 - 22.
15
-53 - (-64 + (-65 - -129))
-53
Calculate 0 - -11 - (-11 + (46 - 47)).
23
What is -69 - (6 - (-1 - 1 - (47 - 28 - 23)))?
-73
What is -5 - (27 + -13 - (6 + -11))?
-24
Evaluate 14 - (4 + (6 - 2)) - (51 + 0 - -1).
-46
Calculate -11 + (1 + (-11 - -7) - -14 - (-32 - -98)).
-66
What is the value of (0 - -41) + (-53 - -4) + 45 + 15 + -2?
50
What is the value of 5 + -51 + (-87 - -145) + -51?
-39
(-2 - (50 - 20)) + 39
7
(14 - 7) + (-49 - (-9 + 3 - -1))
-37
(41 - -2) + 53 + -32 + 0 - -25
89
Evaluate 17 - (-1 - -22 - 26) - -8.
30
Calculate (15 - 3 - 0) + (336 - 335) + 59.
72
What is 5 - (-50 + 24 + -1 + -48)?
80
What is 51 + 0 + (-3 - -1 - (-64 + -7 + 60))?
60
What is (-22 + -7 - -12) + 6 + 10 - 8 - 66?
-75
Calculate 57 + 18 + 50 + -63.
62
Calculate -87 + 129 + -16 - -47.
73
Evaluate (-1 - -1) + 6 + (-8 - (2 + -11)).
7
(-10 - 12) + 7 + 25 - (2 + -70)
78
What is (-1 - 3 - -12) + -89 + -39 + 41 + -24?
-103
What is the value of -3 + -2 + 21 + (-97 - -62) + 43?
24
Evaluate -20 - (10 + -22 - -18 - 23) - 7.
-10
What is the value of 28 + (-75 - (-53 + 23))?
-17
What is the value of (136 - 155 - (-10 + -1)) + (-24 - -4)?
-28
Calculate -31 - 5 - (12 - 47).
-1
What is (276 - 199 - 5) + 1 + -18?
55
What is -24 + (-40 - -17) + -15 + 17?
-45
59 - (-130 - -89) - 12
88
Evaluate 66 + -52 + 62 + -135.
-59
What is (-77 - 1) + -2790 + 2939?
71
What is -41 - (14 - 10 - -12)?
-57
Evaluate -3 - 0 - (61 - (-43 + 10 + -38)).
-135
4 - (3 + 46) - -2 - (3 - -3)
-49
Evaluate 16 + -3 - (-14 - (-25 + 10) - 8 - -22).
-2
Evaluate -1139 + 1113 - (1 + -3 + -95).
71
Calculate (-76 - -20) + 37 + (-1 - -88).
68
0 - (-7 - (-12 + 24 - 29)) - -92
82
(-102 - -8) + (-26 - -98)
-22
What is the value of -3 + (0 - 24) + (-11 + 16 - -3) + -5?
-24
Evaluate 74 - (461 + -420 + (1 - 31)).
63
Calculate -169 - (-3 - -8) - (-897 + 860).
-137
What is the value of (-6 - (-16 - (-37 - -19))) + 13 + 2?
7
Calculate (-1 - -8) + (-25 + 24 - (49 - 52)).
9
What is the value of (-239 - -30 - -219) + (82 + 0 - -2)?
94
What is the value of -208 + 324 + -17 + -6 + 1?
94
Calculate 458 + -438 + 1 + -19 + 17 + (2 - 2).
19
-3 - 39 - (-796 + 813)
-59
What is the value of (-88 - -9) + (480 - 288)?
113
Calculate 484 + -480 + (60 - 0).
64
Calculate 6 + -28 + 15 + -45 + 25.
-27
-16 + (-8 - 1 - (10 + -9 + -8))
-18
What is the value of -1 - (4 + 10) - (3 + (3 - 0))?
-21
Calculate (34 - 2) + -13 + 30 + (-3 - 23).
23
Calculate 47 - (102 + (-105 - -34)).
16
What is the value of (27 - -58) + (-1 - 13) + (4 - 8)?
67
12 + -3 + -5 + -25 - -17
-4
Evaluate (-42 - -31) + 119 + -8 - (0 + 3 + -3).
100
What is (-41 + 27 + -14 - -39) + -20?
-9
What is (-34 - (-9 + 4 - 4)) + -149 + 147?
-27
What is 18375 + -18333 + (2 - 1 - 3)?
40
Evaluate -80 + (20 - (-65 - -35) - 21).
-51
Calculate 3 + -65 + 67 + (-4 - -10).
11
Calculate (-61 - -56 - (-7 - 0)) + (-7 - 2) + 14.
7
Calculate -12 - 24 - (-9 + -3).
-24
-98 + (-4 - -1) - (16 + (33 - 35))
-115
What is the value of -7 - (-1 + -1) - (33 - (-6 + 21))?
-23
Evaluate 5 + -2 + (21 - 2) + (-1 - 4) - -5.
22
2 + (2 + -2 - -72) - -1 - (-2232 - -2243)
64
What is 4 - -1 - 0 - (14 + -8 + -10 + 42)?
-33
60 + 37 - (8 + (-15 - -23))
81
Evaluate -78 + (59 - 13 - -102).
70
-2 + 9 + -17 + 5 + -2 + 0 - -5
-2
Evaluate -1417 + 1344 - (-3 + 16).
-86
-1 + 5 - (8 + 12 - 28) - -18
30
What is (2 - (-2 + (2 - -3) - -4)) + (-28 - -3)?
-30
What is the value of (-19 - 4) + 34 + (-108 + -11 - -12)?
-96
What is -25 - (91 + -65 + -13)?
-38
What is -37 - (-70 - -12 - -24)?
-3
0 + -52 + (25 - 6 - 41 - -35)
-39
35 + 10 + (-104 - -79)
20
What is (31 + -17 + -169 - (14 + -14)) + 5?
-150
What is the value of (-53 - 5) + 37 + 74?
53
Evaluate -25 + 56 + 12 + -34 - 6.
3
Calculate -180 - (-342 - -174) - (-45 - 0).
33
-35 + -1 + (-69 - -98)
-7
What is the value of -23 + -90 + 50 + 27?
-36
What is -10 - ((1 - -4) + (347 - 355)) - 4?
-11
Calculate (-188 - -228) + -10 + -2.
28
Evaluate (146 + -167 + 0 + 1 + -12 - 1) + -5.
-38
Evaluate -27 - (39 - (-21 - -39) - 121).
73
What is the value of -270 + 175 + -142 + 141?
-96
What is -92 - (-15 + -29) - -91?
43
Calculate 23 + (6 - -6) - (12 + -16).
39
-8 + -4 + (-24 + 6 - -36)
6
Evaluate -95 + (-47 - -90) - -95.
43
Evaluate 12 + 5 + -11 + -15 + 3.
-6
Calculate 72 + -66 - (71 - (15 + -6)).
-56
Evaluate 44 + -91 + (125 - 152).
-74
What is the value of -20 - -26 - (6 - (-4 - 0 - (-2 + 48)))?
-50
Evaluate 50 + (31 + 86 - 194).
-27
Evaluate 81 + -1 - ((12 - 204) + 211).
61
What is (-11 - 2) + -28 + -8 + (-5 - -49)?
-5
What is -10 - (1 + -10 + (-28 - -16) + 34)?
-23
Evaluate -48 + 5 + (-20 - 18) + 40.
-41
-490 + 521 + 4 + -12
23
Calculate -20 + 39 + -30 + 1 - (-5 - 1).
-4
58 + 94 + 38 - 107
83
What is -1 + 3 + (5 - 22) + (37 - 17)?
5
What is 23 + 29 + 23 - ((18 - -3) + -8)?
62
19 + -15 + 17 + -11
10
Evaluate 7 + -3 + -2 + 0 - ((-24 - -21) + 15).
-10
Evaluate 126 - (7 - -63) - 70.
-14
-33 + 2 + 11 + 118 + -87
11
Calculate (18 + (40 - 10) - -14) + -18.
44
374 + -236 + -156 - (0 - (-1 - -21))
2
Calculate 18 + -1 - (6 + 16 - -1) - (100 - 0).
-106
-2 + 9 + (-1 - -3) - (98 + -77 + 23)
-35
Evaluate (-36 - -2) + (36 - (20 + -15)).
-3
(-93 - (-11 + (42 - 16) + -1)) + 12
-95
Evaluate -3 + (12 - (14 + -4 - (3 - -10))).
12
Evaluate 48 + 30 + (64 - 84).
58
What is the value of -19 + (8 + 2 - 13) + 122?
100
Evaluate -65 + 34 + -7 + -14.
-52
What is the value of 1 + 3 + -72 + 89 - (-9 - -12)?
18
13 - (43 - 20) - (-1 - -1) - 12
-22
What is the value of -275 - -306 - (5 - -38 - -13)?
-25
Calculate (-2 - -77 - 12) + -91.
-28
Evaluate -1 + 23 + (-3 - (-3 - 5)) + 767 + -773.
21
Calculate 28 + (-27 - -34) + -1 + -27.
7
27 + 11 + -5 + -20 + 17
30
(-59 - -99) + (-47 + 13 - -11)
17
What is 17 - (11 + (14 - 0) + 25)?
-33
Evaluate 41 - (30 + -10) - (-10 - 2 - 4).
37
Evaluate (26 - 53) + -18 + (-2 - -21).
-26
What is the value of (-2 - -32) + (-156 - -163) - -52?
89
Calculate 19 + -14 + 32 + (3 - (18 - 1)).
23
7 + -1 + -19 + 11 + 37 - (-31 + 30)
36
Calculate (-66 - -23) + 127 + 1 + -12 - 11.
62
Calculate 9 + 45 - 44 - 64.
-54
What is the value of 30 - ((8 - 1) + -3 + (-15 - 0))?
41
Calculate 122 + (-4 + (9 - -6) + (-36 - -22) - -14).
133
-20 - (-17 - 46) - 22
21
17 + (-52 - (-14 + (-16 - -23)))
-28
What is the value of -59 + (-421 - -376) + 2 + 62?
-40
Calculate -6 + (-7 - (-5 - (7 + 0 + (173 - 180)))).
-8
What is the value of (-35 - -26) + -3 + -22 + 5?
-29
What is (8 - -7) + -137 + 153?
31
What is the value of -78 + 49 + 42 + -117?
-104
What is the value of (17 - (-1 + -6 - (-19 - -7))) + (-18 - 2)?
-8
Evaluate 5 + (-5 + (-12 - -2) - -8).
-2
Evaluate -5 + (23 - (3 + -4) - (45 - 42)).
16
What is -1 + -4 + 4185 + -4220?
-40
Evaluate 25 - (6 + (4 + (-10 - 1) - 9) + 9).
26
-38 + 24 + 3 + 68 + -59
-2
-1 - -6 - (-409 - -271)
143
Calculate 60 - (-1 + (0 - (0 - 25))).
36
-37 - (9 + 4 + 1 - (37 - 13))
-27
Calculate -977 + 1047 - (2 + 48).
20
What is the value of (0 - ((61 - 31) + -14)) + (75 - 3)?
56
(27 - (17 + (-30 - -138))) + (0 + 13 - 2)
-87
-25 + ((30 - -8) + -32 - (-1 + -8)) - -19
9
-6632 - -6711 - (-1 + 36)
44
Evaluate -12 - (-1 + 14 + -10 + (-9 - 1)).
-5
What is 1246 - 1248 - (2 + (0 - 1) + -20)?
17
What is the value of -29 + -11 + 20 + -7 + -9 + 3?
-33
Evaluate (-